rime factors of 2352806.
2, 1176403
What are the prime factors of 1124884?
2, 23, 12227
What are the prime factors of 3362442?
2, 3, 61, 9187
What are the prime factors of 747545?
5, 307, 487
List the prime factors of 974566.
2, 487283
What are the prime factors of 682574?
2, 341287
List the prime factors of 6220368.
2, 3, 7, 11, 17
What are the prime factors of 479407?
43, 11149
What are the prime factors of 77559?
3, 103, 251
What are the prime factors of 152352?
2, 3, 23
List the prime factors of 130251.
3, 11, 3947
List the prime factors of 1702170.
2, 3, 5, 18913
What are the prime factors of 17673600?
2, 3, 5, 7, 263
What are the prime factors of 183815?
5, 97, 379
List the prime factors of 36724.
2, 9181
What are the prime factors of 150109?
37, 4057
List the prime factors of 393308.
2, 98327
What are the prime factors of 3833770?
2, 5, 31, 83, 149
What are the prime factors of 14334046?
2, 2053, 3491
What are the prime factors of 97998?
2, 3, 16333
List the prime factors of 830985.
3, 5, 55399
List the prime factors of 2033757.
3, 11, 20543
What are the prime factors of 1289977?
13, 17, 449
What are the prime factors of 6240488?
2, 780061
What are the prime factors of 5291819?
13, 461, 883
List the prime factors of 762317.
61, 12497
List the prime factors of 605743.
103, 5881
List the prime factors of 2118739.
7, 43, 7039
List the prime factors of 9072351.
3, 193, 1741
What are the prime factors of 56236?
2, 17, 827
What are the prime factors of 13268491?
13268491
List the prime factors of 1536747.
3, 512249
List the prime factors of 25493699.
7, 11, 83, 3989
What are the prime factors of 6503524?
2, 53, 30677
What are the prime factors of 3129360?
2, 3, 5, 13, 17, 59
List the prime factors of 264970.
2, 5, 26497
What are the prime factors of 495122?
2, 281, 881
List the prime factors of 582577.
83, 7019
List the prime factors of 884791.
884791
What are the prime factors of 154640?
2, 5, 1933
List the prime factors of 2753706.
2, 3, 73, 6287
List the prime factors of 7060072.
2, 79, 11171
What are the prime factors of 12449194?
2, 739, 8423
List the prime factors of 18423102.
2, 3, 613, 5009
What are the prime factors of 128177?
7, 18311
List the prime factors of 2055944.
2, 11, 61, 383
What are the prime factors of 1094976?
2, 3, 1901
List the prime factors of 43748.
2, 10937
List the prime factors of 1687660.
2, 5, 13, 6491
List the prime factors of 3396500.
2, 5, 6793
List the prime factors of 856667.
7, 17483
What are the prime factors of 6042100?
2, 5, 23, 37, 71
What are the prime factors of 6115935?
3, 5, 7, 53, 157
What are the prime factors of 19873900?
2, 5, 353, 563
List the prime factors of 339360.
2, 3, 5, 7, 101
What are the prime factors of 6880555?
5, 11, 125101
List the prime factors of 1663014.
2, 3, 277169
List the prime factors of 59460.
2, 3, 5, 991
List the prime factors of 4216228.
2, 107, 9851
What are the prime factors of 713620?
2, 5, 31, 1151
What are the prime factors of 5407818?
2, 3, 13, 19, 41, 89
List the prime factors of 975133.
975133
List the prime factors of 102757.
211, 487
List the prime factors of 258564.
2, 3, 29, 743
What are the prime factors of 1842287?
1842287
What are the prime factors of 238151?
238151
List the prime factors of 1550156.
2, 191, 2029
What are the prime factors of 12556615?
5, 2511323
What are the prime factors of 24928?
2, 19, 41
List the prime factors of 22106217.
3, 7, 61, 17257
What are the prime factors of 2857645?
5, 7, 81647
List the prime factors of 853794.
2, 3, 97, 163
What are the prime factors of 1683410?
2, 5, 71, 2371
What are the prime factors of 44164?
2, 61, 181
List the prime factors of 540601.
349, 1549
What are the prime factors of 975761?
101, 9661
What are the prime factors of 1059986?
2, 149, 3557
What are the prime factors of 261561?
3, 87187
List the prime factors of 220070.
2, 5, 59, 373
What are the prime factors of 4481849?
23, 194863
List the prime factors of 1316206.
2, 19, 1823
List the prime factors of 15307.
15307
List the prime factors of 645826.
2, 97, 3329
List the prime factors of 1164.
2, 3, 97
What are the prime factors of 653046?
2, 3, 31, 3511
List the prime factors of 10294994.
2, 5147497
List the prime factors of 3018999.
3, 1006333
What are the prime factors of 398307?
3, 7, 13, 1459
List the prime factors of 378133.
7, 7717
List the prime factors of 49379.
11, 67
What are the prime factors of 340695?
3, 5, 67, 113
List the prime factors of 557184.
2, 3, 1451
What are the prime factors of 9995245?
5, 13, 367, 419
List the prime factors of 326643.
3, 108881
List the prime factors of 5713881.
3, 257, 7411
List the prime factors of 56406.
2, 3, 7, 17, 79
What are the prime factors of 2179620?
2, 3, 5, 12109
What are the prime factors of 1003325?
5, 67, 599
List the prime factors of 192787.
7, 27541
What are the prime factors of 4013790?
2, 3, 5, 11, 12163
List the prime factors of 1052921.
41, 61, 421
What are the prime factors of 95915?
5, 19183
List the prime factors of 321641.
37, 8693
List the prime factors of 552929.
13, 42533
List the prime factors of 430770.
2, 3, 5, 83, 173
What are the prime factors of 2863339?
23, 124493
What are the prime factors of 37943928?
2, 3, 11, 23, 2083
List the prime factors of 1538035.
5, 139, 2213
List the prime factors of 1304687.
1304687
List the prime factors of 25607495.
5, 61, 113, 743
What are the prime factors of 3451468?
2, 283, 3049
List the prime factors of 6931562.
2, 11, 509, 619
List the prime factors of 4904906.
2, 59, 197, 211
List the prime factors of 21103293.
3, 2131, 3301
What are the prime factors of 2687528?
2, 335941
List the prime factors of 683215.
5, 13, 23, 457
What are the prime factors of 9383297?
7, 11, 31, 3931
What are the prime factors of 466509?
3, 23, 6761
List the prime factors of 56591.
56591
What are the prime factors of 165601?
165601
What are the prime factors of 11766578?
2, 73, 83, 971
List the prime factors of 323234.
2, 29, 5573
What are the prime factors of 17049794?
2, 8524897
What are the prime factors of 13700493?
3, 751, 2027
List the prime factors of 13361056.
2, 239, 1747
What are the prime factors of 2288216?
2, 7, 29, 1409
List the prime factors of 30868397.
7, 37, 119183
What are the prime factors of 9443226?
2, 3, 13, 121067
What are the prime factors of 2747180?
2, 5, 137359
What are the prime factors of 3439671?
3, 1049, 1093
What are the prime factors of 7623624?
2, 3, 317651
What are the prime factors of 232489?
137, 1697
List the prime factors of 68236.
2, 7, 2437
What are the prime factors of 2247207?
3, 749069
What are the prime factors of 2264608?
2, 70769
List the prime factors of 111787.
13, 8599
List the prime factors of 254930.
2, 5, 13, 37, 53
List the prime factors of 21601296.
2, 3, 31, 1613
List the prime factors of 167289.
3, 55763
List the prime factors of 1914156.
2, 3, 53171
List the prime factors of 745807.
17, 19, 2309
List the prime factors of 3167789.
157, 20177
List the prime factors of 546466.
2, 273233
What are the prime factors of 2412191?
29, 223, 373
List the prime factors of 1355824.
2, 101, 839
What are the prime factors of 5060?
2, 5, 11, 23
What are the prime factors of 1460049?
3, 486683
List the prime factors of 49524.
2, 3, 4127
List the prime factors of 737029.
19, 38791
List the prime factors of 270105.
3, 5, 11, 1637
List the prime factors of 522994.
2, 19, 13763
List the prime factors of 7357354.
2, 31, 53, 2239
What are the prime factors of 3438964?
2, 17, 103, 491
List the prime factors of 14619354.
2, 3, 17, 8431
List the prime factors of 2373239.
11, 79, 2731
What are the prime factors of 215960?
2, 5, 5399
What are the prime factors of 1126467?
3, 13907
What are the prime factors of 972425?
5, 97, 401
List the prime factors of 14207657.
53, 268069
List the prime factors of 570199.
7, 81457
What are the prime factors of 1725841?
13, 132757
List the prime factors of 1543401.
3, 57163
List the prime factors of 1488111.
3, 401, 1237
What are the prime factors of 45998?
2, 109, 211
List the prime factors of 15425679.
3, 379, 13567
List the prime factors of 214036.
2, 73, 733
List the prime factors of 365699.
365699
List the prime factors of 6369084.
2, 3, 17, 3469
What are the prime factors of 67224